{"id":165,"date":"2022-11-17T10:07:09","date_gmt":"2022-11-17T09:07:09","guid":{"rendered":"https:\/\/afman.fr\/?page_id=165"},"modified":"2026-03-17T22:10:29","modified_gmt":"2026-03-17T21:10:29","slug":"nouvelle-aquitaine","status":"publish","type":"page","link":"https:\/\/afman.fr\/index.php\/nouvelle-aquitaine\/","title":{"rendered":"Nouvelle Aquitaine"},"content":{"rendered":"\t\t<div data-elementor-type=\"wp-page\" data-elementor-id=\"165\" class=\"elementor elementor-165\">\n\t\t\t\t\t\t\t\t\t<section class=\"elementor-section elementor-top-section elementor-element elementor-element-ee9856d elementor-section-boxed elementor-section-height-default elementor-section-height-default\" data-id=\"ee9856d\" data-element_type=\"section\">\n\t\t\t\t\t\t<div class=\"elementor-container elementor-column-gap-default\">\n\t\t\t\t\t<div class=\"elementor-column elementor-col-100 elementor-top-column elementor-element elementor-element-63c0f92\" data-id=\"63c0f92\" data-element_type=\"column\">\n\t\t\t<div class=\"elementor-widget-wrap elementor-element-populated\">\n\t\t\t\t\t\t\t\t<div class=\"elementor-element elementor-element-e77a79f elementor-widget elementor-widget-heading\" data-id=\"e77a79f\" data-element_type=\"widget\" data-widget_type=\"heading.default\">\n\t\t\t\t<div class=\"elementor-widget-container\">\n\t\t\t<style>\/*! elementor - v3.11.1 - 15-02-2023 *\/\n.elementor-heading-title{padding:0;margin:0;line-height:1}.elementor-widget-heading .elementor-heading-title[class*=elementor-size-]>a{color:inherit;font-size:inherit;line-height:inherit}.elementor-widget-heading .elementor-heading-title.elementor-size-small{font-size:15px}.elementor-widget-heading .elementor-heading-title.elementor-size-medium{font-size:19px}.elementor-widget-heading .elementor-heading-title.elementor-size-large{font-size:29px}.elementor-widget-heading .elementor-heading-title.elementor-size-xl{font-size:39px}.elementor-widget-heading .elementor-heading-title.elementor-size-xxl{font-size:59px}<\/style><h3 class=\"elementor-heading-title elementor-size-default\">Charente<\/h3>\t\t<\/div>\n\t\t\t\t<\/div>\n\t\t\t\t\t<\/div>\n\t\t<\/div>\n\t\t\t\t\t\t\t<\/div>\n\t\t<\/section>\n\t\t\t\t<section class=\"elementor-section elementor-top-section elementor-element elementor-element-7d6090f elementor-section-boxed elementor-section-height-default elementor-section-height-default\" data-id=\"7d6090f\" data-element_type=\"section\">\n\t\t\t\t\t\t<div class=\"elementor-container elementor-column-gap-default\">\n\t\t\t\t\t<div class=\"elementor-column elementor-col-50 elementor-top-column elementor-element elementor-element-edab501\" data-id=\"edab501\" data-element_type=\"column\">\n\t\t\t<div class=\"elementor-widget-wrap elementor-element-populated\">\n\t\t\t\t\t\t\t\t<div class=\"elementor-element elementor-element-c44bb4a elementor-widget elementor-widget-heading\" data-id=\"c44bb4a\" data-element_type=\"widget\" data-widget_type=\"heading.default\">\n\t\t\t\t<div class=\"elementor-widget-container\">\n\t\t\t<h4 class=\"elementor-heading-title elementor-size-default\">Ma\u00efwenn Coatan\u00e9a<\/h4>\t\t<\/div>\n\t\t\t\t<\/div>\n\t\t\t\t<div class=\"elementor-element elementor-element-81ac055 elementor-widget elementor-widget-text-editor\" data-id=\"81ac055\" data-element_type=\"widget\" data-widget_type=\"text-editor.default\">\n\t\t\t\t<div class=\"elementor-widget-container\">\n\t\t\t<style>\/*! elementor - v3.11.1 - 15-02-2023 *\/\n.elementor-widget-text-editor.elementor-drop-cap-view-stacked .elementor-drop-cap{background-color:#818a91;color:#fff}.elementor-widget-text-editor.elementor-drop-cap-view-framed .elementor-drop-cap{color:#818a91;border:3px solid;background-color:transparent}.elementor-widget-text-editor:not(.elementor-drop-cap-view-default) .elementor-drop-cap{margin-top:8px}.elementor-widget-text-editor:not(.elementor-drop-cap-view-default) .elementor-drop-cap-letter{width:1em;height:1em}.elementor-widget-text-editor .elementor-drop-cap{float:left;text-align:center;line-height:1;font-size:50px}.elementor-widget-text-editor .elementor-drop-cap-letter{display:inline-block}<\/style>\t\t\t\t<h6>Doula<\/h6><p class=\"mt-1 mb-0\">Angoul\u00eame<\/p><p class=\"mt-1 mb-0\">0619833311<\/p><p><a href=\"mailto:maiwenn1@gmail.com\">maiwenn1@gmail.com<\/a><\/p><p><a href=\"http:\/\/www.doula-charente.com\">www.doula-charente.com<\/a><\/p>\t\t\t\t\t\t<\/div>\n\t\t\t\t<\/div>\n\t\t\t\t\t<\/div>\n\t\t<\/div>\n\t\t\t\t<div class=\"elementor-column elementor-col-50 elementor-top-column elementor-element elementor-element-59f8503\" data-id=\"59f8503\" data-element_type=\"column\">\n\t\t\t<div class=\"elementor-widget-wrap elementor-element-populated\">\n\t\t\t\t\t\t\t\t<div class=\"elementor-element elementor-element-f095d05 elementor-widget elementor-widget-image\" data-id=\"f095d05\" data-element_type=\"widget\" data-widget_type=\"image.default\">\n\t\t\t\t<div class=\"elementor-widget-container\">\n\t\t\t<style>\/*! elementor - v3.11.1 - 15-02-2023 *\/\n.elementor-widget-image{text-align:center}.elementor-widget-image a{display:inline-block}.elementor-widget-image a img[src$=\".svg\"]{width:48px}.elementor-widget-image img{vertical-align:middle;display:inline-block}<\/style>\t\t\t\t\t\t\t\t\t\t\t\t<img loading=\"lazy\" decoding=\"async\" width=\"237\" height=\"300\" src=\"https:\/\/afman.fr\/wp-content\/uploads\/2026\/03\/Maiwenn-Coatenea-237x300.jpg\" class=\"attachment-medium size-medium wp-image-2192\" alt=\"\" srcset=\"https:\/\/afman.fr\/wp-content\/uploads\/2026\/03\/Maiwenn-Coatenea-237x300.jpg 237w, https:\/\/afman.fr\/wp-content\/uploads\/2026\/03\/Maiwenn-Coatenea-808x1024.jpg 808w, https:\/\/afman.fr\/wp-content\/uploads\/2026\/03\/Maiwenn-Coatenea-768x974.jpg 768w, https:\/\/afman.fr\/wp-content\/uploads\/2026\/03\/Maiwenn-Coatenea-1212x1536.jpg 1212w, https:\/\/afman.fr\/wp-content\/uploads\/2026\/03\/Maiwenn-Coatenea-1615x2048.jpg 1615w, https:\/\/afman.fr\/wp-content\/uploads\/2026\/03\/Maiwenn-Coatenea-600x761.jpg 600w, https:\/\/afman.fr\/wp-content\/uploads\/2026\/03\/Maiwenn-Coatenea-scaled.jpg 2019w\" sizes=\"auto, (max-width: 237px) 100vw, 237px\" \/>\t\t\t\t\t\t\t\t\t\t\t\t\t\t\t<\/div>\n\t\t\t\t<\/div>\n\t\t\t\t\t<\/div>\n\t\t<\/div>\n\t\t\t\t\t\t\t<\/div>\n\t\t<\/section>\n\t\t\t\t<section class=\"elementor-section elementor-top-section elementor-element elementor-element-1f4c266 elementor-section-boxed elementor-section-height-default elementor-section-height-default\" data-id=\"1f4c266\" data-element_type=\"section\">\n\t\t\t\t\t\t<div class=\"elementor-container elementor-column-gap-default\">\n\t\t\t\t\t<div class=\"elementor-column elementor-col-100 elementor-top-column elementor-element elementor-element-df58816\" data-id=\"df58816\" data-element_type=\"column\">\n\t\t\t<div class=\"elementor-widget-wrap elementor-element-populated\">\n\t\t\t\t\t\t\t\t<div class=\"elementor-element elementor-element-a6eef44 elementor-widget elementor-widget-heading\" data-id=\"a6eef44\" data-element_type=\"widget\" data-widget_type=\"heading.default\">\n\t\t\t\t<div class=\"elementor-widget-container\">\n\t\t\t<h3 class=\"elementor-heading-title elementor-size-default\">Pyr\u00e9n\u00e9es-Atlantiques<\/h3>\t\t<\/div>\n\t\t\t\t<\/div>\n\t\t\t\t\t<\/div>\n\t\t<\/div>\n\t\t\t\t\t\t\t<\/div>\n\t\t<\/section>\n\t\t\t\t<section class=\"elementor-section elementor-top-section elementor-element elementor-element-817fae2 elementor-section-boxed elementor-section-height-default elementor-section-height-default\" data-id=\"817fae2\" data-element_type=\"section\">\n\t\t\t\t\t\t<div class=\"elementor-container elementor-column-gap-default\">\n\t\t\t\t\t<div class=\"elementor-column elementor-col-50 elementor-top-column elementor-element elementor-element-75c7f5f\" data-id=\"75c7f5f\" data-element_type=\"column\">\n\t\t\t<div class=\"elementor-widget-wrap elementor-element-populated\">\n\t\t\t\t\t\t\t\t<div class=\"elementor-element elementor-element-5a653f4 elementor-widget elementor-widget-heading\" data-id=\"5a653f4\" data-element_type=\"widget\" data-widget_type=\"heading.default\">\n\t\t\t\t<div class=\"elementor-widget-container\">\n\t\t\t<h4 class=\"elementor-heading-title elementor-size-default\">Anne-Laure Sonnerat<\/h4>\t\t<\/div>\n\t\t\t\t<\/div>\n\t\t\t\t<div class=\"elementor-element elementor-element-2fd5b77 elementor-widget elementor-widget-text-editor\" data-id=\"2fd5b77\" data-element_type=\"widget\" data-widget_type=\"text-editor.default\">\n\t\t\t\t<div class=\"elementor-widget-container\">\n\t\t\t\t\t\t\t<h6>Doula, Auxiliaire de pu\u00e9riculture, Ambassadrice au Mois d&#8217;Or, Massage p\u00e9rinatal (Tha\u00ef, Ayurv\u00e9dique, Rebozo, fermeture du bassin), Monitrice de de portage, Animatrice massage b\u00e9b\u00e9<\/h6><p class=\"mt-1 mb-0\">Biarritz<\/p><p class=\"mt-1 mb-0\">0768232996<\/p><p class=\"mt-1 mb-0\"><a href=\"annelauresonnerat@gmail.com\">annelauresonnerat@gmail.com<\/a><\/p><p><a href=\"https:\/\/www.instagram.com\/taine_perinatalite\/\">https:\/\/www.instagram.com\/taine_perinatalite\/<\/a><\/p>\t\t\t\t\t\t<\/div>\n\t\t\t\t<\/div>\n\t\t\t\t\t<\/div>\n\t\t<\/div>\n\t\t\t\t<div class=\"elementor-column elementor-col-50 elementor-top-column elementor-element elementor-element-12d8928\" data-id=\"12d8928\" data-element_type=\"column\">\n\t\t\t<div class=\"elementor-widget-wrap elementor-element-populated\">\n\t\t\t\t\t\t\t\t<div class=\"elementor-element elementor-element-5b44db4 elementor-widget elementor-widget-image\" data-id=\"5b44db4\" data-element_type=\"widget\" data-widget_type=\"image.default\">\n\t\t\t\t<div class=\"elementor-widget-container\">\n\t\t\t\t\t\t\t\t\t\t\t\t\t\t\t<img loading=\"lazy\" decoding=\"async\" width=\"225\" height=\"300\" src=\"https:\/\/afman.fr\/wp-content\/uploads\/2024\/07\/Anne-Laure-Sonnerat-225x300.jpg\" class=\"attachment-medium size-medium wp-image-1679\" alt=\"\" srcset=\"https:\/\/afman.fr\/wp-content\/uploads\/2024\/07\/Anne-Laure-Sonnerat-225x300.jpg 225w, https:\/\/afman.fr\/wp-content\/uploads\/2024\/07\/Anne-Laure-Sonnerat-600x803.jpg 600w, https:\/\/afman.fr\/wp-content\/uploads\/2024\/07\/Anne-Laure-Sonnerat.jpg 602w\" sizes=\"auto, (max-width: 225px) 100vw, 225px\" \/>\t\t\t\t\t\t\t\t\t\t\t\t\t\t\t<\/div>\n\t\t\t\t<\/div>\n\t\t\t\t\t<\/div>\n\t\t<\/div>\n\t\t\t\t\t\t\t<\/div>\n\t\t<\/section>\n\t\t\t\t\t\t\t<\/div>\n\t\t","protected":false},"excerpt":{"rendered":"<p>Charente Ma\u00efwenn Coatan\u00e9a Doula Angoul\u00eame 0619833311 maiwenn1@gmail.com www.doula-charente.com Pyr\u00e9n\u00e9es-Atlantiques Anne-Laure Sonnerat Doula, Auxiliaire de pu\u00e9riculture, Ambassadrice au Mois d&#8217;Or, Massage p\u00e9rinatal (Tha\u00ef, Ayurv\u00e9dique, Rebozo, fermeture du bassin), Monitrice de de portage, Animatrice massage b\u00e9b\u00e9 Biarritz 0768232996 annelauresonnerat@gmail.com https:\/\/www.instagram.com\/taine_perinatalite\/<\/p>\n","protected":false},"author":1,"featured_media":0,"parent":0,"menu_order":0,"comment_status":"closed","ping_status":"closed","template":"","meta":{"site-sidebar-layout":"no-sidebar","site-content-layout":"page-builder","ast-global-header-display":"","ast-main-header-display":"","ast-hfb-above-header-display":"","ast-hfb-below-header-display":"","ast-hfb-mobile-header-display":"","site-post-title":"disabled","ast-breadcrumbs-content":"","ast-featured-img":"disabled","footer-sml-layout":"","theme-transparent-header-meta":"","adv-header-id-meta":"","stick-header-meta":"","header-above-stick-meta":"","header-main-stick-meta":"","header-below-stick-meta":"","footnotes":""},"class_list":["post-165","page","type-page","status-publish","hentry"],"featured_media_urls":[],"_links":{"self":[{"href":"https:\/\/afman.fr\/index.php\/wp-json\/wp\/v2\/pages\/165","targetHints":{"allow":["GET"]}}],"collection":[{"href":"https:\/\/afman.fr\/index.php\/wp-json\/wp\/v2\/pages"}],"about":[{"href":"https:\/\/afman.fr\/index.php\/wp-json\/wp\/v2\/types\/page"}],"author":[{"embeddable":true,"href":"https:\/\/afman.fr\/index.php\/wp-json\/wp\/v2\/users\/1"}],"replies":[{"embeddable":true,"href":"https:\/\/afman.fr\/index.php\/wp-json\/wp\/v2\/comments?post=165"}],"version-history":[{"count":58,"href":"https:\/\/afman.fr\/index.php\/wp-json\/wp\/v2\/pages\/165\/revisions"}],"predecessor-version":[{"id":2195,"href":"https:\/\/afman.fr\/index.php\/wp-json\/wp\/v2\/pages\/165\/revisions\/2195"}],"wp:attachment":[{"href":"https:\/\/afman.fr\/index.php\/wp-json\/wp\/v2\/media?parent=165"}],"curies":[{"name":"wp","href":"https:\/\/api.w.org\/{rel}","templated":true}]}}